units digit of 294751?
1
What is the thousands digit of 130934?
0
What is the hundred thousands digit of 10766166?
7
What is the hundreds digit of 199108?
1
What is the tens digit of 4771491?
9
What is the hundreds digit of 350093?
0
What is the hundred thousands digit of 175423?
1
What is the units digit of 574901?
1
What is the tens digit of 3044754?
5
What is the hundred thousands digit of 1205875?
2
What is the hundreds digit of 17002?
0
What is the thousands digit of 1344034?
4
What is the hundreds digit of 2362804?
8
What is the tens digit of 1999479?
7
What is the tens digit of 90031?
3
What is the hundred thousands digit of 193200?
1
What is the hundreds digit of 2539207?
2
What is the thousands digit of 11025188?
5
What is the hundreds digit of 36382260?
2
What is the ten thousands digit of 677020?
7
What is the ten thousands digit of 11414167?
1
What is the units digit of 53650?
0
What is the hundreds digit of 8176057?
0
What is the thousands digit of 529028?
9
What is the thousands digit of 7677528?
7
What is the hundred thousands digit of 240256?
2
What is the hundred thousands digit of 28077611?
0
What is the thousands digit of 991496?
1
What is the hundreds digit of 295824?
8
What is the ten thousands digit of 167538?
6
What is the ten thousands digit of 2698888?
9
What is the tens digit of 22954558?
5
What is the tens digit of 22902619?
1
What is the units digit of 2744783?
3
What is the thousands digit of 1282?
1
What is the hundred thousands digit of 8373305?
3
What is the millions digit of 1514936?
1
What is the hundreds digit of 653066?
0
What is the hundreds digit of 140420?
4
What is the thousands digit of 157105?
7
What is the tens digit of 940393?
9
What is the thousands digit of 345123?
5
What is the thousands digit of 321869?
1
What is the hundreds digit of 2295858?
8
What is the tens digit of 576623?
2
What is the tens digit of 8871795?
9
What is the thousands digit of 109418?
9
What is the hundreds digit of 661025?
0
What is the tens digit of 1585919?
1
What is the units digit of 78663?
3
What is the hundreds digit of 269504?
5
What is the hundred thousands digit of 140827?
1
What is the units digit of 501749?
9
What is the ten thousands digit of 2277428?
7
What is the millions digit of 8731676?
8
What is the tens digit of 179649?
4
What is the hundreds digit of 89916?
9
What is the units digit of 87989?
9
What is the hundred thousands digit of 966096?
9
What is the tens digit of 851700?
0
What is the thousands digit of 929184?
9
What is the hundred thousands digit of 6862146?
8
What is the hundreds digit of 1576793?
7
What is the millions digit of 4098774?
4
What is the hundreds digit of 4404588?
5
What is the hundreds digit of 30470?
4
What is the hundred thousands digit of 225983?
2
What is the hundreds digit of 1069246?
2
What is the hundred thousands digit of 6073460?
0
What is the tens digit of 30015819?
1
What is the tens digit of 11918356?
5
What is the tens digit of 5620950?
5
What is the hundred thousands digit of 157633?
1
What is the tens digit of 1386880?
8
What is the hundred thousands digit of 6543283?
5
What is the units digit of 5552556?
6
What is the units digit of 804560?
0
What is the hundreds digit of 154707?
7
What is the hundreds digit of 653236?
2
What is the units digit of 14354167?
7
What is the ten thousands digit of 182788?
8
What is the millions digit of 21687937?
1
What is the hundreds digit of 982590?
5
What is the hundreds digit of 30682?
6
What is the ten thousands digit of 63023?
6
What is the ten millions digit of 23395237?
2
What is the hundred thousands digit of 344127?
3
What is the units digit of 195895?
5
What is the hundreds digit of 1195215?
2
What is the ten thousands digit of 425740?
2
What is the units digit of 7926755?
5
What is the ten thousands digit of 1100630?
0
What is the tens digit of 511826?
2
What is the hundreds digit of 7722502?
5
What is the thousands digit of 53318?
3
What is the units digit of 709413?
3
What is the hundreds digit of 83994?
9
What is the ten thousands digit of 376161?
7
What is the tens digit of 136068?
6
What is the hundred thousands digit of 144562?
1
What is the tens digit of 38430?
3
What is the millions digit of 9962996?
9
What is the tens digit of 653131?
3
What is the thousands digit of 1891337?
1
What is the millions digit of 2877327?
2
What is the hundred thousands digit of 124032?
1
What is the units digit of 234791?
1
What is the hundred thousands digit of 223378?
2
What is the tens digit of 173925?
2
What is the hundred thousands digit of 7554888?
5
What is the units digit of 118206?
6
What is the units digit of 872882?
2
What is the units digit of 116959?
9
What is the millions digit of 10763117?
0
What is the hundreds digit of 12358761?
7
What is the tens digit of 488190?
9
What is the hundreds digit of 761750?
7
What is the ten thousands digit of 5036027?
3
What is the tens digit of 1192782?
8
What is the millions digit of 1463544?
1
What is the hundreds digit of 73771?
7
What is the thousands digit of 447679?
7
What is the thousands digit of 2627994?
7
What is the hundreds digit of 407729?
7
What is the hundred thousands digit of 4773857?
7
What is the hundreds digit of 283688?
6
What is the millions digit of 2989256?
2
What is the ten thousands digit of 318494?
1
What is the units digit of 88926?
6
What is the millions digit of 2674255?
2
What is the tens digit of 7297042?
4
What is the hundred thousands digit of 763174?
7
What is the ten thousands digit of 20611030?
1
What is the millions digit of 3853284?
3
What is the ten thousands digit of 12870391?
7
What is the units digit of 2444782?
2
What is the units digit of 118627?
7
What is the ten thousands digit of 76617?
7
What is the units digit of 11711513?
3
What is the ten thousands digit of 1092977?
9
What is the hundreds digit of 119366?
3
What is the units digit of 79808?
8
What is the ten thousands digit of 20239?
2
What is the thousands digit of 222231?
2
What is the millions digit of 2140170?
2
What is the thousands digit of 36800?
6
What is the units digit of 740956?
6
What is the tens digit of 63366?
6
What is the tens digit of 3949281?
8
What is the ten thousands digit of 7790218?
9
What is the tens digit of 2334263?
6
What is the thousands digit of 546670?
6
What is the thousands digit of 1307?
1
What is the units digit of 97291?
1
What is the millions digit of 45978700?
5
What is the hundreds digit of 3599581?
5
What is the millions digit of 4678210?
4
What is the hundreds digit of 1184207?
2
What is the tens digit of 643113?
1
What is the millions digit of 1640075?
1
What is the ten thousands digit of 7408455?
0
What is the hundreds digit of 24269470?
4
What is the millions digit of 1332693?
1
What is the ten thousands digit of 603056?
0
What is the hundreds digit of 140992?
9
What is the hundreds digit of 251665?
6
What is the thousands digit of 263015?
3
What is the thousands digit of 128338?
8
What is the thousands digit of 4015881?
5
What is the thousands digit of 2488410?
8
What is the hundred thousands digit of 1130113?
1
What is the hundred thousands digit of 492791?
4
What is the units digit of 1830187?
7
What is the tens digit of 7182682?
8
What is the ten thousands digit of 10748369?
4
What is the tens digit of 514559?
5
What is the hundreds digit of 360299?
2
What is the hundreds digit of 5040018?
0
What is the units digit of 77714?
4
What is the hundred thousands digit of 6704423?
7
What is the tens digit of 3840879?
7
What is the thousands digit of 126915?
6
What is the thousands digit of 13562693?
2
What is the thousands digit of 1803894?
3
What is the tens digit of 1900556?
5
What is the ten thousands digit of 93874?
9
What is the tens digit of 114593?
9
What is the hundred thousands digit of 352655?
3
What is the millions digit of 7968153?
7
What is the hundreds digit of 282885?
8
What is the thousands digit of 7770937?
0
What is the hundreds digit of 2395088?
0
What is the ten thousands digit of 391406?
9
What is the ten thousands digit of 372348?
7
What is the units digit of 272486?
6
What is the ten thousands digit of 357775?
5
What is the tens digit of 67695?
9
What is the units digit of 22805121?
1
What is the hundred thousands digit o